me factors of 63122?
2, 37, 853
List the prime factors of 12759306.
2, 3, 7, 43399
List the prime factors of 164462.
2, 82231
What are the prime factors of 512106?
2, 3, 7, 89, 137
List the prime factors of 1249709.
43, 29063
List the prime factors of 6960978.
2, 3, 14323
What are the prime factors of 3638628?
2, 3, 7, 4813
What are the prime factors of 11318129?
19, 83, 7177
List the prime factors of 569892.
2, 3, 47491
List the prime factors of 5290359.
3, 1763453
What are the prime factors of 77288?
2, 9661
List the prime factors of 264490.
2, 5, 26449
List the prime factors of 1303186.
2, 17, 38329
What are the prime factors of 110232?
2, 3, 1531
What are the prime factors of 890084?
2, 13, 17117
What are the prime factors of 491484?
2, 3, 7, 5851
What are the prime factors of 114911?
151, 761
List the prime factors of 639382.
2, 319691
List the prime factors of 22888755.
3, 5, 37, 59, 233
List the prime factors of 2501966.
2, 1250983
What are the prime factors of 895366?
2, 447683
What are the prime factors of 1676163?
3, 558721
What are the prime factors of 2813166?
2, 3, 373, 419
What are the prime factors of 56036?
2, 14009
What are the prime factors of 4959888?
2, 3, 191, 541
List the prime factors of 87657.
3, 61, 479
What are the prime factors of 575786?
2, 223, 1291
What are the prime factors of 30968?
2, 7, 79
List the prime factors of 2117730.
2, 3, 5, 73, 967
What are the prime factors of 199594?
2, 23, 4339
What are the prime factors of 413360?
2, 5, 5167
List the prime factors of 76125.
3, 5, 7, 29
What are the prime factors of 46630?
2, 5, 4663
List the prime factors of 2431443.
3, 7, 115783
What are the prime factors of 241990?
2, 5, 7, 3457
What are the prime factors of 18531915?
3, 5, 131, 9431
List the prime factors of 44723.
7, 6389
List the prime factors of 6294311.
6294311
What are the prime factors of 353081?
353081
What are the prime factors of 12185810?
2, 5, 7, 13, 1913
What are the prime factors of 58703?
47, 1249
List the prime factors of 29860.
2, 5, 1493
List the prime factors of 10578103.
10578103
List the prime factors of 2055955.
5, 11, 29, 1289
List the prime factors of 3256820.
2, 5, 7, 43, 541
List the prime factors of 5642412.
2, 3, 470201
List the prime factors of 817251.
3, 272417
What are the prime factors of 329155?
5, 65831
What are the prime factors of 518305?
5, 23, 4507
What are the prime factors of 15382149?
3, 853, 6011
What are the prime factors of 23257040?
2, 5, 67, 4339
List the prime factors of 9360721.
1213, 7717
List the prime factors of 1616104.
2, 7, 28859
What are the prime factors of 98268?
2, 3, 19, 431
List the prime factors of 330831.
3, 12253
List the prime factors of 1868416.
2, 11, 1327
What are the prime factors of 715112?
2, 71, 1259
What are the prime factors of 91979?
19, 47, 103
List the prime factors of 30939774.
2, 3, 211, 24439
List the prime factors of 21079436.
2, 7, 19, 39623
List the prime factors of 9511501.
9511501
List the prime factors of 1302469.
7, 19, 1399
What are the prime factors of 14668?
2, 19, 193
What are the prime factors of 16424265?
3, 5, 11, 13, 19, 31
What are the prime factors of 5128532?
2, 1282133
List the prime factors of 11311692.
2, 3, 7, 311, 433
List the prime factors of 16440583.
16440583
List the prime factors of 11502139.
11, 23, 4133
List the prime factors of 67026.
2, 3, 11171
What are the prime factors of 23375310?
2, 3, 5, 7, 79, 1409
What are the prime factors of 11832846?
2, 3, 41, 103, 467
List the prime factors of 823653.
3, 23, 173
List the prime factors of 553453.
43, 61, 211
List the prime factors of 3804126.
2, 3, 67, 9463
What are the prime factors of 280520?
2, 5, 7013
What are the prime factors of 129578?
2, 67, 967
What are the prime factors of 230115?
3, 5, 23, 29
What are the prime factors of 410657?
13, 31, 1019
List the prime factors of 3601048.
2, 11, 151, 271
What are the prime factors of 1158018?
2, 3, 193003
List the prime factors of 1942929.
3, 59, 3659
List the prime factors of 9382039.
9382039
What are the prime factors of 234970?
2, 5, 23497
What are the prime factors of 4514562?
2, 3, 13, 59, 109
What are the prime factors of 5422939?
5422939
List the prime factors of 495219.
3, 383, 431
List the prime factors of 16274525.
5, 17, 149, 257
What are the prime factors of 17353320?
2, 3, 5, 144611
List the prime factors of 1025440.
2, 5, 13, 17, 29
List the prime factors of 4961374.
2, 11, 61, 3697
List the prime factors of 487256.
2, 7, 11, 113
What are the prime factors of 207233?
13, 19, 839
What are the prime factors of 13834?
2, 6917
What are the prime factors of 182014?
2, 7, 13001
What are the prime factors of 2282270?
2, 5, 241, 947
List the prime factors of 981422.
2, 13, 37747
What are the prime factors of 10568025?
3, 5, 13, 3613
List the prime factors of 741273.
3, 13, 83, 229
What are the prime factors of 254649?
3, 29, 2927
List the prime factors of 5379865.
5, 1075973
List the prime factors of 1383228.
2, 3, 7, 11, 499
What are the prime factors of 4620751?
71, 151, 431
List the prime factors of 222874.
2, 47, 2371
What are the prime factors of 70415?
5, 14083
List the prime factors of 136546.
2, 67, 1019
What are the prime factors of 10890063?
3, 23, 52609
What are the prime factors of 2896917?
3, 965639
List the prime factors of 292584.
2, 3, 73, 167
List the prime factors of 455277.
3, 17, 79, 113
List the prime factors of 3888315.
3, 5, 71, 1217
List the prime factors of 440526.
2, 3, 73421
List the prime factors of 12111495.
3, 5, 11, 6673
List the prime factors of 1955743.
73, 367
List the prime factors of 1324817.
13, 101, 1009
List the prime factors of 4822797.
3, 7, 179, 1283
What are the prime factors of 90155?
5, 13, 19, 73
What are the prime factors of 8417696?
2, 7, 37579
What are the prime factors of 56241?
3, 2083
List the prime factors of 1525898.
2, 11, 43, 1613
What are the prime factors of 3352980?
2, 3, 5, 29, 41, 47
List the prime factors of 10291960.
2, 5, 7, 59, 89
List the prime factors of 37541.
7, 31, 173
List the prime factors of 190707.
3, 11, 5779
What are the prime factors of 3098495?
5, 61, 10159
List the prime factors of 1013284.
2, 253321
List the prime factors of 418168.
2, 167, 313
List the prime factors of 6541262.
2, 7, 13, 127, 283
What are the prime factors of 491371?
491371
What are the prime factors of 19318158?
2, 3, 701, 1531
List the prime factors of 2087618.
2, 13, 23, 3491
List the prime factors of 1758836.
2, 439709
What are the prime factors of 4807758?
2, 3, 801293
List the prime factors of 1748234.
2, 874117
List the prime factors of 1247557.
1247557
What are the prime factors of 413195?
5, 23, 3593
What are the prime factors of 130925?
5, 5237
What are the prime factors of 377315?
5, 17, 23, 193
What are the prime factors of 1325297?
419, 3163
What are the prime factors of 3549520?
2, 5, 13, 3413
What are the prime factors of 326024?
2, 83, 491
What are the prime factors of 727152?
2, 3, 15149
What are the prime factors of 337585?
5, 107, 631
List the prime factors of 12752116.
2, 13, 19, 12907
List the prime factors of 1329360.
2, 3, 5, 29, 191
List the prime factors of 145194.
2, 3, 7, 3457
What are the prime factors of 6871904?
2, 13, 16519
What are the prime factors of 12316284?
2, 3, 97, 3527
List the prime factors of 194751.
3, 7213
What are the prime factors of 3336981?
3, 17, 59, 1109
What are the prime factors of 33265?
5, 6653
List the prime factors of 186710.
2, 5, 18671
What are the prime factors of 19529148?
2, 3, 1627429
What are the prime factors of 37131684?
2, 3, 269, 11503
List the prime factors of 13393.
59, 227
List the prime factors of 43125.
3, 5, 23
What are the prime factors of 577014?
2, 3, 17, 5657
List the prime factors of 1081875.
3, 5, 577
List the prime factors of 76002.
2, 3, 53, 239
List the prime factors of 209464.
2, 26183
What are the prime factors of 39236115?
3, 5, 61, 137, 313
List the prime factors of 4340083.
11, 17, 23209
List the prime factors of 1788901.
1788901
What are the prime factors of 218576?
2, 19, 719
What are the prime factors of 267231?
3, 281, 317
List the prime factors of 324909.
3, 13, 2777
List the prime factors of 691246.
2, 577, 599
List the prime factors of 765498.
2, 3, 127583
What